05 + 4196 = -9*q. Let c = 2226 + q. Is c prime?
False
Let m = -38717 - -80436. Is m composite?
False
Let b = 35 - 34. Is 2707*(4 - 2 - b) a prime number?
True
Let v(m) be the first derivative of 3*m**4/4 - m**3/3 - m**2/2 + 10*m - 13. Is v(7) composite?
False
Is (28383/12*-2)/((-16)/32) a composite number?
False
Let j(w) = w**3 - w**2. Let i(a) = 2 + 4 + 3*a**3 + 2 - 16*a - 14*a**2. Let g(k) = -i(k) + 2*j(k). Is g(13) prime?
True
Let q = 9 + -7. Let f be ((-380)/25)/(q/(-65)). Suppose f = 3*h - 313. Is h prime?
True
Suppose 1 = -5*w + 11. Suppose -3*h + 455 = -4*p, h - 2*p = -w*h + 451. Is h prime?
True
Suppose -4 = -3*m + 8. Let r(v) = -8*v + m - 3 + 7 + 2. Is r(-9) a prime number?
False
Let d = 2089 + 5742. Is d composite?
True
Let y(k) = -4*k**3 + 7*k + 10. Let s be y(-5). Suppose s = 2*z - 619. Let t = 138 + z. Is t a prime number?
False
Is ((-20)/(-8))/(-4 - (-14820)/3704) a prime number?
False
Let b(g) = -4*g**3 + 21*g**2 + 18*g + 22. Let i(y) = 3*y**3 - 20*y**2 - 17*y - 23. Let c(u) = -4*b(u) - 5*i(u). Is c(-11) a composite number?
True
Let j = 1 + -17. Suppose 0 = 4*f - 5*p - 10577, -3*f + 2641 = -2*f + 2*p. Is j/(-12) + f/9 composite?
True
Suppose 4*a + 10571 = p, 4*p + 2*a - 39490 = 2740. Is p a composite number?
False
Let a = -45 - 192. Let s be a*(-1 + 0)/1. Let v = s - -92. Is v prime?
False
Let r(n) = -3*n - 40. Let s be r(-22). Suppose s*k = 23*k + 3123. Is k composite?
True
Let q be -3*(2598/(-9) - 4). Let l = q + -37. Is l composite?
True
Let r(f) = 3*f**2 + 16*f + 11. Suppose 0 = -5*b + 76 - 16. Is r(b) prime?
False
Suppose -2*p - 2*o + 340 = 0, -p + 4*p - 4*o - 510 = 0. Let i = 62 + p. Suppose 0 = -2*m - 2 + i. Is m a prime number?
False
Let i(y) = -4*y**3 - 5*y**2 + 4*y - 6. Let z be i(-4). Suppose -4*s + z + 106 = 0. Is s a composite number?
True
Let h = 26 + -26. Suppose h = -0*a + 5*a - b - 4200, 0 = 2*a + 4*b - 1658. Is a a composite number?
False
Let x = 1527 + -542. Is x a prime number?
False
Suppose 0 = 3*h + 2*n - 1 + 2, 4*h - 4*n = 12. Let r be (-2 - -3) + -16 + h. Let q(c) = 2*c**2 + 14*c + 3. Is q(r) a composite number?
False
Let x = -20 + 520. Let l = -121 + x. Is (-9)/(-6) + l/2 a composite number?
False
Let q be (-3873)/(-12) - 2/(-8). Let a be 39/((-31)/(-80) + 1/(-5)). Let n = q - a. Is n composite?
True
Let z(b) = -20*b**2 - b - 1. Let w be z(-1). Let h(x) = -24*x - 31. Is h(w) a composite number?
False
Suppose -18*w + 16*w = -22808. Let v = w - 7419. Is v a prime number?
False
Let w = -1711 - -833. Let x = -91 - w. Is x prime?
True
Suppose 5*p - 950 = r + 17405, 2*p - r = 7342. Suppose p + 6194 = 5*z. Is z prime?
True
Let u be (1 - -3)/((-7)/(-14)). Let l = u - 6. Suppose -2*d + 99 = j - 160, 264 = 2*d + l*j. Is d prime?
True
Let h(y) = -461*y - 16. Is h(-3) a prime number?
True
Let f be -4*(-1)/(12/15). Suppose -3*j = -3*g - 5*j + 17, -f*j + 5 = 0. Suppose 0*o + 595 = u + o, -o + 2959 = g*u. Is u a composite number?
True
Let l(s) = -s**3 + 21*s**2 + 11*s + 180. Is l(19) composite?
True
Let p = 523 - 295. Suppose -p = 5*m + 167. Let o = 156 + m. Is o a prime number?
False
Let x(n) = 2*n**3 - 12*n**2 + 11*n - 6. Let c(k) = k**3 - 12*k**2 + 11*k - 7. Let o(j) = -3*c(j) + 2*x(j). Is o(-11) a prime number?
True
Let l = 1837 - 847. Suppose 2*k + 978 = 3*p + 7*k, -l = -3*p - k. Is p prime?
True
Let l = -6 - -8. Suppose -m = -3*x + 3, l*m - 3 = m + x. Is (-690)/(-8) + m/8 a prime number?
False
Let l(r) = -457*r + 52. Is l(-11) prime?
False
Let h = -2852 + 43461. Is h prime?
True
Let b = 1430 + 2961. Is b composite?
False
Let c be 2/1*(-3)/(-2). Suppose 0 = -4*l - 4*a + 13 - 1, -c*a = -4*l + 26. Suppose l*j + 0*j - 669 = -2*t, -t + 2*j + 357 = 0. Is t a prime number?
True
Let f(u) = -u**2 - u + 2. Let n be f(0). Suppose 3*y - n*y + 5*b = 1265, 3*y + b - 3851 = 0. Is y a composite number?
True
Let y be 4/((-12)/(-29))*-3. Let v = y - -97. Suppose -3*l - v = -5*l. Is l composite?
True
Suppose -4*q + 4*k + 44272 = -0*q, 0 = 2*q + 5*k - 22157. Is q prime?
True
Suppose -3*q - 11*q + 211358 = 0. Is q composite?
True
Let y be ((-8)/((-64)/(-12)))/((-6)/1336). Suppose 5*q - l = 1237 + 417, -q - 3*l + y = 0. Is q composite?
False
Suppose -5*c - 309 = 186. Let i = c + 196. Is i a composite number?
False
Suppose 0 = 24*m - 28*m + 16. Suppose -2804 = -8*h + m*h. Is h prime?
True
Let c(g) = -g**3 - 3*g**2 - 3*g - 2. Let l be c(-3). Suppose -11*n + 1612 = -l*n. Suppose -2*p - a + n = -0*a, 4*p - 3*a = 801. Is p prime?
False
Let s = 16 - -95. Let m = s + -65. Is m a composite number?
True
Let z be 3 + -4 + 1 + 5 + 533. Let r be 1 + ((-4)/(-2))/2. Suppose r*j = -0*j + z. Is j prime?
True
Suppose -3*b - 4*r + 4458 = 1692, -b = r - 923. Is b composite?
True
Let c = 12113 + -2730. Is c a composite number?
True
Suppose 28*l = 26*l + 10294. Is l a composite number?
False
Suppose 0 = -7*s + 3710 + 3857. Is s prime?
False
Let g = 913 - 411. Suppose -3*q = -5*q + g. Is q prime?
True
Let p = -50 - 1900. Is p/(-14) + 14/(-49) prime?
True
Suppose 5*o - 20125 = 2*h, 3*o + 2*h - 4013 = 2*o. Suppose 5*i + o = 16538. Is i a prime number?
True
Let c(y) = -6*y + 3. Let n be c(3). Let h be n/(-10) - (-3)/6. Suppose -2*z = -l - 47 - 87, -h*z + 134 = 4*l. Is z a composite number?
False
Suppose 19*j + 26039 - 7001 = 0. Let l = j + 1635. Is l composite?
True
Suppose -1 = t - 6. Suppose -2*j + 2*q = -1056, t*j - 2644 = q - 0*q. Is j a composite number?
True
Let n be 0 + 1 + -2 + 4. Suppose n*r - 343 = 2*r. Suppose -r = -2*h - 9. Is h a composite number?
False
Let w = -14583 - -25882. Is w a prime number?
True
Is (0 + 72426/9)/((-22)/(-33)) prime?
True
Suppose -11*q = -7*q - 8. Suppose 9*s + q = 10*s. Suppose s*t + 63 = 173. Is t a prime number?
False
Is -1 - (68/51)/((-6)/97659) a composite number?
False
Let n(w) = 15*w + 25. Let h be n(5). Let f = 193 + h. Is f a prime number?
True
Let k(j) = -j**3 - 4*j**2 + 24*j + 5. Let g be k(-7). Is g/10 - -1 - (-1868)/5 a composite number?
False
Suppose -c - 19 = -i + 2*c, i - 7 = -c. Let b(h) = -h + 12. Let x be b(i). Is 3/(9/237) - x composite?
True
Let i be (-28187)/(-6) + -1 - 6/(-36). Suppose 0*l = -7*l + i. Is l a prime number?
False
Suppose 0 = 4*s + 3*h - 2*h - 16, 4*s + 4*h - 28 = 0. Let i be (-176)/(-20) - 3/(-15). Let z = i - s. Is z a prime number?
False
Is (-4)/14 + 18912060/609 prime?
False
Let v(s) = s**2 + 10*s**3 - 5*s**2 + 5*s**2 + 0*s**2 - 1. Is v(2) a composite number?
False
Suppose -28*w + 33*w + 2*s - 5251 = 0, 0 = 3*w + 2*s - 3153. Is w a composite number?
False
Let g(x) = 12*x**2 + 10*x - 7. Let z be g(-6). Suppose -3*j + 974 = z. Is j a prime number?
False
Suppose 4*g - 5*q = 19, 5*g + 2*q + 5 = 4*g. Suppose -g - 17 = -m. Is (1 + -15)*(-27)/m prime?
False
Let q be ((-42)/18 + 3)/(1/(-297)). Let t = -140 - q. Is t a composite number?
True
Let b be (10 - (2 + 5)) + -1 + 4. Is 0 - 1/((b/1402)/(-3)) composite?
False
Let d be (-2)/3*-58*(-3)/(-4). Suppose 25*b = d*b - 12812. Is b prime?
True
Let l be ((-15)/10)/((-9)/30). Suppose l*o = 16 + 4, 32 = -2*j + 5*o. Let v = j - -193. Is v a composite number?
True
Suppose 37021 + 21848 = 9*y. Is y a prime number?
False
Suppose -5*x = c - 21, -21 = -5*c - 3*x - x. Is 659 - (c - (4 - 0)) composite?
True
Suppose -19 = 7*o - 5. Let u = o - -40. Is u composite?
True
Is ((-260)/30)/(8/(-276)) prime?
False
Let k be (-622)/(-3)*3/1. Let n = 529 + k. Is n a composite number?
False
Let j be (0 + -5)*280/5. Let r = 198 + j. Is (-2 + (-3 - r))/1 prime?
False
Let c(j) = -3*j - 46. Let v be c(-17). Suppose 3*p + 2*m = -p + 346, v*p - 435 = -2*m. Is p a composite number?
False
Let w(y) = -16*y**2 - y. Let o be w(-2). Let p = -11 - o. Is p composite?
True
Let d(g) = -17*g + 291. Is d(-20) composite?
False
Let o(d) = 7*d**3 + 10*d**2 - 15*d + 11. Is o(7) a prime number?
True
Let s(u) = -u**3 + u + 1229. Let q be s(0). Suppose 4*y - 1592 = -5*k, 2*y + y = 5*k + q. Suppose -3*p + y = 2*f, 2*f - 272 = -2*p - 0*f. Is p composite?
False
Suppose 5*f - 3*g = 1861, 0 = -4*f + 6*g - 4*g + 1488. Is f prime?
False
Let k = 54325 + -35654. Is k prime?
True
Let v = 2351 - 1533. Is v prime?
False
Is 2/(-20) + (-2184930)/(-300) composite?
False
Suppose 2*f = 5*u + 3*f - 16490, 0 = 3*f + 15. Is u a composite number?
False
Let l = 6 - 2. Let r(k) be the second derivative of k**5